{"id":22,"date":"2021-03-18T15:04:45","date_gmt":"2021-03-18T14:04:45","guid":{"rendered":"https:\/\/asscoupdepouce.com\/?page_id=22"},"modified":"2023-11-22T17:03:38","modified_gmt":"2023-11-22T16:03:38","slug":"soutien-scolaire","status":"publish","type":"page","link":"https:\/\/asscoupdepouce.com\/index.php\/nos-actions\/soutien-scolaire\/","title":{"rendered":"Soutien scolaire"},"content":{"rendered":"<section class=\"l-section wpb_row us_custom_e11ab399 height_medium with_img\"><div class=\"l-section-img\" role=\"img\" aria-label=\"Image\" data-img-width=\"1563\" data-img-height=\"803\" style=\"background-image: url(https:\/\/asscoupdepouce.com\/wp-content\/uploads\/2021\/03\/Fond-3.png);background-position: top center;\"><\/div><div class=\"l-section-h i-cf\"><div class=\"g-cols vc_row via_flex valign_middle type_default stacking_default\"><div class=\"vc_col-sm-12 wpb_column vc_column_container\"><div class=\"vc_column-inner\"><div class=\"wpb_wrapper\"><div class=\"wpb_text_column us_custom_cdff568c has_text_color\"><div class=\"wpb_wrapper\"><h1 style=\"text-align: center;\">Soutien scolaire<\/h1>\n<\/div><\/div><div class=\"w-separator size_medium with_line width_30 thick_2 style_solid color_border align_left\"><div class=\"w-separator-h\"><\/div><\/div><div class=\"g-cols wpb_row via_flex valign_top type_default stacking_default\"><div class=\"vc_col-sm-12 wpb_column vc_column_container\"><div class=\"vc_column-inner\"><div class=\"wpb_wrapper\"><div class=\"w-separator size_medium\"><\/div><div class=\"wpb_text_column\"><div class=\"wpb_wrapper\"><h3 style=\"text-align: center;\">Pour qui ?<\/h3>\n<\/div><\/div><div class=\"w-separator size_small\"><\/div><div class=\"wpb_text_column us_custom_432d3f53\"><div class=\"wpb_wrapper\"><h5 style=\"text-align: center;\">En compl\u00e9ment de l\u2019\u00e9cole, ce dispositif est ouvert \u00e0 <strong>toutes les familles<\/strong>. Il s\u2019adresse aux <strong>\u00e9l\u00e8ves de tous \u00e2ges, \u00e0 partir du CP<\/strong>, rep\u00e9r\u00e9s en d\u00e9but d\u2019ann\u00e9e par leurs enseignants comme fragiles dans les apprentissages et\/ou volontaires \u00e0 poursuivre leurs apprentissages avec nous.<\/h5>\n<\/div><\/div><\/div><\/div><\/div><\/div><div class=\"g-cols wpb_row via_flex valign_top type_default stacking_default\"><div class=\"vc_col-sm-12 wpb_column vc_column_container\"><div class=\"vc_column-inner\"><div class=\"wpb_wrapper\"><div class=\"w-separator size_huge\"><\/div><div class=\"w-actionbox color_primary controls_right\"><div class=\"w-actionbox-text\"><h2 class=\"w-actionbox-title\">Outils p\u00e9dagogiques<\/h2><div class=\"w-actionbox-description\"><p>Retrouvez des liens et supports en ligne utiles pour occuper vos enfants ludiquement tout en poursuivant l\u2019apprentissage scolaire.<\/p>\n<\/div><\/div><div class=\"w-actionbox-controls\"><a class=\"w-btn us-btn-style_6\" title=\"Ressources\" target=\"_blank\" rel=\"nofollow\" href=\"https:\/\/asscoupdepouce.com\/index.php\/ressources\/\"><span class=\"w-btn-label\">Cliquez-ici<\/span><\/a><\/div><\/div><\/div><\/div><\/div><\/div><div class=\"w-separator size_huge\"><\/div><div class=\"g-cols wpb_row via_flex valign_middle type_default stacking_default\"><div class=\"vc_col-sm-12 wpb_column vc_column_container\"><div class=\"vc_column-inner\"><div class=\"wpb_wrapper\"><div class=\"wpb_text_column us_custom_432d3f53\"><div class=\"wpb_wrapper\"><p>L&rsquo;association Coup de Pouce organise des s\u00e9ances de soutien scolaire \u00e0 des <strong>\u00e9l\u00e8ves n&rsquo;ayant pas les moyens financiers n\u00e9cessaires<\/strong> de faire appel au soutien scolaire r\u00e9mun\u00e9r\u00e9 mais aussi \u00e0 des <strong>\u00e9l\u00e8ves en difficult\u00e9s scolaires et\/ou sociales<\/strong>.<\/p>\n<p>Nous permettons \u00e0 ces enfants d&rsquo;<strong>avoir les m\u00eames chances de r\u00e9ussir<\/strong> que ceux qui sont accompagn\u00e9s par des professeurs \u00e0 domicile ou qui b\u00e9n\u00e9ficient de stage vacances ou encore qui ont des parents disponibles et tr\u00e8s avertis.<\/p>\n<\/div><\/div><div class=\"w-separator size_medium\"><\/div><\/div><\/div><\/div><\/div><div class=\"g-cols wpb_row via_flex valign_middle type_default stacking_default\"><div class=\"vc_col-sm-6 wpb_column vc_column_container\"><div class=\"vc_column-inner\"><div class=\"wpb_wrapper\"><div class=\"w-image align_left\"><div class=\"w-image-h\"><img decoding=\"async\" width=\"2242\" height=\"2242\" src=\"https:\/\/asscoupdepouce.com\/wp-content\/uploads\/2021\/03\/Reussite-scolaire-2.png\" class=\"attachment-full size-full\" alt=\"R\u00e9ussite scolaire avec Coup de Pouce\" loading=\"lazy\" srcset=\"https:\/\/asscoupdepouce.com\/wp-content\/uploads\/2021\/03\/Reussite-scolaire-2.png 2242w, https:\/\/asscoupdepouce.com\/wp-content\/uploads\/2021\/03\/Reussite-scolaire-2-300x300.png 300w, https:\/\/asscoupdepouce.com\/wp-content\/uploads\/2021\/03\/Reussite-scolaire-2-1024x1024.png 1024w, https:\/\/asscoupdepouce.com\/wp-content\/uploads\/2021\/03\/Reussite-scolaire-2-150x150.png 150w, https:\/\/asscoupdepouce.com\/wp-content\/uploads\/2021\/03\/Reussite-scolaire-2-400x400.png 400w, https:\/\/asscoupdepouce.com\/wp-content\/uploads\/2021\/03\/Reussite-scolaire-2-500x500.png 500w\" sizes=\"auto, (max-width: 2242px) 100vw, 2242px\" \/><\/div><\/div><\/div><\/div><\/div><div class=\"vc_col-sm-6 wpb_column vc_column_container\"><div class=\"vc_column-inner\"><div class=\"wpb_wrapper\"><div class=\"wpb_text_column\"><div class=\"wpb_wrapper\"><h2 style=\"text-align: left;\">Pour Coup de Pouce,<\/h2>\n<\/div><\/div><div class=\"w-separator size_small\"><\/div><div class=\"wpb_text_column us_custom_432d3f53\"><div class=\"wpb_wrapper\"><p><strong>La r\u00e9ussite scolaire est un droit<\/strong> pour chaque enfant, quel que soit son environnement social et familial, <strong>et une responsabilit\u00e9 partag\u00e9e<\/strong> entre l\u2019\u00c9ducation nationale, les parents, les collectivit\u00e9s locales et la soci\u00e9t\u00e9 civile.<\/p>\n<ol>\n<li>Apprendre \u00e0 lire et \u00e9crire<\/li>\n<li>Comprendre ses le\u00e7ons<\/li>\n<li>Faire ses devoirs<\/li>\n<li>Renforcer les acquis<\/li>\n<\/ol>\n<\/div><\/div><\/div><\/div><\/div><\/div><div class=\"w-separator size_huge\"><\/div><\/div><\/div><\/div><\/div><\/div><\/section><section class=\"l-section wpb_row height_medium color_alternate with_shape\"><div class=\"l-section-shape type_curve pos_top\" style=\"height:15vmin;\"><svg xmlns=\"http:\/\/www.w3.org\/2000\/svg\" viewBox=\"0 0 64 8\" preserveAspectRatio=\"none\" width=\"100%\" height=\"100%\">\r\n\t<path fill=\"currentColor\" d=\"M64 8 L64 0 Q32 15.8 0 0 L0 8 Z\"\/>\r\n<\/svg><\/div><div class=\"l-section-h i-cf\"><div class=\"g-cols vc_row via_flex valign_top type_default stacking_default\"><div class=\"vc_col-sm-12 wpb_column vc_column_container\"><div class=\"vc_column-inner\"><div class=\"wpb_wrapper\"><div class=\"w-separator size_large\"><\/div><div class=\"g-cols wpb_row via_flex valign_middle type_default stacking_default\"><div class=\"vc_col-sm-6 wpb_column vc_column_container\"><div class=\"vc_column-inner\"><div class=\"wpb_wrapper\"><div class=\"wpb_text_column\"><div class=\"wpb_wrapper\"><h2 style=\"text-align: left;\">Les fondamentaux<\/h2>\n<\/div><\/div><div class=\"w-separator size_small\"><\/div><div class=\"wpb_text_column\"><div class=\"wpb_wrapper\"><p style=\"text-align: left;\"><strong>La r\u00e9gularit\u00e9 des s\u00e9ances<\/strong> donne aux enfants le temps de d\u00e9couvrir leurs potentialit\u00e9s, de renforcer leur confiance en eux et leur motivation \u00e0 apprendre<\/p>\n<p style=\"text-align: left;\"><strong>Une coop\u00e9ration efficace<\/strong> entre les animateurs des clubs, les enseignants, le pilote local et le d\u00e9l\u00e9gu\u00e9 territorial Coup de Pouce.<\/p>\n<p style=\"text-align: left;\"><strong>Des \u00e9changes r\u00e9guliers avec les parents d\u2019\u00e9l\u00e8ves<\/strong>, le pr\u00eat de supports p\u00e9dagogiques, ou encore la participation \u00e0 des \u00e9v\u00e9nements collectifs.<\/p>\n<p style=\"text-align: left;\">Offrir aux enfants <strong>des activit\u00e9s p\u00e9riscolaires<\/strong> dont ils b\u00e9n\u00e9ficient peu dans leur environnement socio-familial.<\/p>\n<\/div><\/div><\/div><\/div><\/div><div class=\"vc_col-sm-6 wpb_column vc_column_container\"><div class=\"vc_column-inner\"><div class=\"wpb_wrapper\"><div class=\"wpb_text_column\"><div class=\"wpb_wrapper\"><h5 style=\"text-align: center;\">La r\u00e9paration des temps de l&rsquo;enfant en \u00e9l\u00e9mentaire<\/h5>\n<\/div><\/div><div class=\"w-separator size_medium\"><\/div><div class=\"w-image align_center\"><div class=\"w-image-h\"><img decoding=\"async\" width=\"1890\" height=\"1890\" src=\"https:\/\/asscoupdepouce.com\/wp-content\/uploads\/2021\/03\/LA-REPARTITION-DES-TEMPS-DE-LENFANT-EN-ELEMENTAIRE-legende.png\" class=\"attachment-full size-full\" alt=\"LA R\u00c9PARTITION DES TEMPS DE L\u2019ENFANT EN \u00c9L\u00c9MENTAIRE l\u00e9gende\" loading=\"lazy\" srcset=\"https:\/\/asscoupdepouce.com\/wp-content\/uploads\/2021\/03\/LA-REPARTITION-DES-TEMPS-DE-LENFANT-EN-ELEMENTAIRE-legende.png 1890w, https:\/\/asscoupdepouce.com\/wp-content\/uploads\/2021\/03\/LA-REPARTITION-DES-TEMPS-DE-LENFANT-EN-ELEMENTAIRE-legende-300x300.png 300w, https:\/\/asscoupdepouce.com\/wp-content\/uploads\/2021\/03\/LA-REPARTITION-DES-TEMPS-DE-LENFANT-EN-ELEMENTAIRE-legende-1024x1024.png 1024w, https:\/\/asscoupdepouce.com\/wp-content\/uploads\/2021\/03\/LA-REPARTITION-DES-TEMPS-DE-LENFANT-EN-ELEMENTAIRE-legende-150x150.png 150w, https:\/\/asscoupdepouce.com\/wp-content\/uploads\/2021\/03\/LA-REPARTITION-DES-TEMPS-DE-LENFANT-EN-ELEMENTAIRE-legende-400x400.png 400w, https:\/\/asscoupdepouce.com\/wp-content\/uploads\/2021\/03\/LA-REPARTITION-DES-TEMPS-DE-LENFANT-EN-ELEMENTAIRE-legende-500x500.png 500w\" sizes=\"auto, (max-width: 1890px) 100vw, 1890px\" \/><\/div><\/div><\/div><\/div><\/div><\/div><div class=\"w-separator size_medium\"><\/div><div class=\"wpb_text_column\"><div class=\"wpb_wrapper\"><p style=\"text-align: center;\"><em>Ces aides ne se substituent pas aux aides compl\u00e9mentaires sp\u00e9cialis\u00e9es apport\u00e9es par l\u2019\u00c9ducation nationale ou par d\u2019autres professionnels (psychologues, orthophonistes, etc.).<\/em><\/p>\n<\/div><\/div><div class=\"w-separator size_large\"><\/div><\/div><\/div><\/div><\/div><\/div><\/section><section class=\"l-section wpb_row height_auto width_full\"><div class=\"l-section-h i-cf\"><div class=\"g-cols vc_row via_flex valign_middle type_boxes stacking_default\"><div class=\"vc_col-sm-4 wpb_column vc_column_container has_bg_color\"><div class=\"vc_column-inner us_custom_199cc99d\"><div class=\"vc_column-overlay\" style=\"background:rgba(233,80,149,0.65)\"><\/div><div class=\"wpb_wrapper\"><div class=\"wpb_text_column us_custom_6df4bc3a has_text_color\"><div class=\"wpb_wrapper\"><h2>Aide aux devoirs d\u00e8s le CP<\/h2>\n<\/div><\/div><div class=\"w-separator size_small\"><\/div><div class=\"w-btn-wrapper align_none\"><a class=\"w-btn us-btn-style_6\" title=\"Aide aux devoirs\" target=\"_blank\" rel=\"nofollow\" href=\"https:\/\/asscoupdepouce.com\/index.php\/nos-actions\/soutien-scolaire\/aide-aux-devoirs\/\"><span class=\"w-btn-label\">Voir<\/span><\/a><\/div><\/div><\/div><\/div><div class=\"vc_col-sm-4 wpb_column vc_column_container has_bg_color\"><div class=\"vc_column-inner us_custom_5f4efcf9\"><div class=\"vc_column-overlay\" style=\"background:rgba(112,73,186,0.70)\"><\/div><div class=\"wpb_wrapper\"><div class=\"wpb_text_column us_custom_6df4bc3a has_text_color\"><div class=\"wpb_wrapper\"><h2>Vacances apprenantes<\/h2>\n<\/div><\/div><div class=\"w-separator size_small\"><\/div><div class=\"w-btn-wrapper align_none\"><a class=\"w-btn us-btn-style_6\" title=\"Vacances apprenantes\" target=\"_blank\" rel=\"nofollow\" href=\"https:\/\/asscoupdepouce.com\/index.php\/nos-actions\/soutien-scolaire\/vacances-apprenantes\/\"><span class=\"w-btn-label\">Voir<\/span><\/a><\/div><\/div><\/div><\/div><div class=\"vc_col-sm-4 wpb_column vc_column_container has_bg_color has-link\"><div class=\"vc_column-inner us_custom_242d2541\"><div class=\"vc_column-overlay\" style=\"background:rgba(29,173,181,0.65)\"><\/div><div class=\"wpb_wrapper\"><div class=\"wpb_text_column us_custom_6df4bc3a has_text_color\"><div class=\"wpb_wrapper\"><h2>Colonies apprenantes<\/h2>\n<\/div><\/div><div class=\"w-separator size_small\"><\/div><div class=\"w-btn-wrapper align_none\"><a class=\"w-btn us-btn-style_6\" title=\"Colonies apprenantes\" target=\"_blank\" rel=\"nofollow\" href=\"https:\/\/asscoupdepouce.com\/index.php\/nos-actions\/soutien-scolaire\/colonies-apprenantes\/\"><span class=\"w-btn-label\">Voir<\/span><\/a><\/div><\/div><\/div><a href=\"title:Colonies apprenantes\" class=\"vc_column-link smooth-scroll\" aria-label=\"Lien\"><\/a><\/div><\/div><\/div><\/section>\n","protected":false},"excerpt":{"rendered":"Soutien scolaire Pour qui ? En compl\u00e9ment de l\u2019\u00e9cole, ce dispositif est ouvert \u00e0 toutes les familles. Il s\u2019adresse aux \u00e9l\u00e8ves de tous \u00e2ges, \u00e0 partir du CP, rep\u00e9r\u00e9s en d\u00e9but d\u2019ann\u00e9e par leurs enseignants comme fragiles dans les apprentissages et\/ou volontaires \u00e0 poursuivre leurs apprentissages avec nous. Outils p\u00e9dagogiquesRetrouvez des liens et supports en...","protected":false},"author":1,"featured_media":0,"parent":17,"menu_order":0,"comment_status":"closed","ping_status":"closed","template":"","meta":{"footnotes":""},"class_list":["post-22","page","type-page","status-publish","hentry"],"yoast_head":"<!-- This site is optimized with the Yoast SEO plugin v27.2 - https:\/\/yoast.com\/product\/yoast-seo-wordpress\/ -->\n<title>Soutien scolaire - Coup de Pouce<\/title>\n<meta name=\"description\" content=\"L&#039;association propose des s\u00e9ances de soutien scolaire aux enfants de 6 ans et plus. Aide aux devoirs, vacances apprenantes...\" \/>\n<meta name=\"robots\" content=\"index, follow, max-snippet:-1, max-image-preview:large, max-video-preview:-1\" \/>\n<link rel=\"canonical\" href=\"https:\/\/asscoupdepouce.com\/index.php\/nos-actions\/soutien-scolaire\/\" \/>\n<meta property=\"og:locale\" content=\"fr_FR\" \/>\n<meta property=\"og:type\" content=\"article\" \/>\n<meta property=\"og:title\" content=\"Soutien scolaire - Coup de Pouce\" \/>\n<meta property=\"og:description\" content=\"L&#039;association propose des s\u00e9ances de soutien scolaire aux enfants de 6 ans et plus. Aide aux devoirs, vacances apprenantes...\" \/>\n<meta property=\"og:url\" content=\"https:\/\/asscoupdepouce.com\/index.php\/nos-actions\/soutien-scolaire\/\" \/>\n<meta property=\"og:site_name\" content=\"Coup de Pouce\" \/>\n<meta property=\"article:publisher\" content=\"https:\/\/fr-fr.facebook.com\/Association-Coup-de-Pouce-816767501818619\/\" \/>\n<meta property=\"article:modified_time\" content=\"2023-11-22T16:03:38+00:00\" \/>\n<meta name=\"twitter:card\" content=\"summary_large_image\" \/>\n<meta name=\"twitter:label1\" content=\"Dur\u00e9e de lecture estim\u00e9e\" \/>\n\t<meta name=\"twitter:data1\" content=\"3 minutes\" \/>\n<script type=\"application\/ld+json\" class=\"yoast-schema-graph\">{\"@context\":\"https:\/\/schema.org\",\"@graph\":[{\"@type\":\"WebPage\",\"@id\":\"https:\/\/asscoupdepouce.com\/index.php\/nos-actions\/soutien-scolaire\/\",\"url\":\"https:\/\/asscoupdepouce.com\/index.php\/nos-actions\/soutien-scolaire\/\",\"name\":\"Soutien scolaire - Coup de Pouce\",\"isPartOf\":{\"@id\":\"https:\/\/asscoupdepouce.com\/#website\"},\"datePublished\":\"2021-03-18T14:04:45+00:00\",\"dateModified\":\"2023-11-22T16:03:38+00:00\",\"description\":\"L'association propose des s\u00e9ances de soutien scolaire aux enfants de 6 ans et plus. Aide aux devoirs, vacances apprenantes...\",\"breadcrumb\":{\"@id\":\"https:\/\/asscoupdepouce.com\/index.php\/nos-actions\/soutien-scolaire\/#breadcrumb\"},\"inLanguage\":\"fr-FR\",\"potentialAction\":[{\"@type\":\"ReadAction\",\"target\":[\"https:\/\/asscoupdepouce.com\/index.php\/nos-actions\/soutien-scolaire\/\"]}]},{\"@type\":\"BreadcrumbList\",\"@id\":\"https:\/\/asscoupdepouce.com\/index.php\/nos-actions\/soutien-scolaire\/#breadcrumb\",\"itemListElement\":[{\"@type\":\"ListItem\",\"position\":1,\"name\":\"Accueil\",\"item\":\"https:\/\/asscoupdepouce.com\/\"},{\"@type\":\"ListItem\",\"position\":2,\"name\":\"Nos actions\",\"item\":\"https:\/\/asscoupdepouce.com\/index.php\/nos-actions\/\"},{\"@type\":\"ListItem\",\"position\":3,\"name\":\"Soutien scolaire\"}]},{\"@type\":\"WebSite\",\"@id\":\"https:\/\/asscoupdepouce.com\/#website\",\"url\":\"https:\/\/asscoupdepouce.com\/\",\"name\":\"Association Coup de Pouce\",\"description\":\"L&#039;esprit de la r\u00e9ussite\",\"publisher\":{\"@id\":\"https:\/\/asscoupdepouce.com\/#organization\"},\"potentialAction\":[{\"@type\":\"SearchAction\",\"target\":{\"@type\":\"EntryPoint\",\"urlTemplate\":\"https:\/\/asscoupdepouce.com\/?s={search_term_string}\"},\"query-input\":{\"@type\":\"PropertyValueSpecification\",\"valueRequired\":true,\"valueName\":\"search_term_string\"}}],\"inLanguage\":\"fr-FR\"},{\"@type\":\"Organization\",\"@id\":\"https:\/\/asscoupdepouce.com\/#organization\",\"name\":\"Association Coup de Pouce\",\"url\":\"https:\/\/asscoupdepouce.com\/\",\"logo\":{\"@type\":\"ImageObject\",\"inLanguage\":\"fr-FR\",\"@id\":\"https:\/\/asscoupdepouce.com\/#\/schema\/logo\/image\/\",\"url\":\"https:\/\/asscoupdepouce.com\/wp-content\/uploads\/2021\/03\/Coup-de-pouce-logo-SITE.png\",\"contentUrl\":\"https:\/\/asscoupdepouce.com\/wp-content\/uploads\/2021\/03\/Coup-de-pouce-logo-SITE.png\",\"width\":2200,\"height\":864,\"caption\":\"Association Coup de Pouce\"},\"image\":{\"@id\":\"https:\/\/asscoupdepouce.com\/#\/schema\/logo\/image\/\"},\"sameAs\":[\"https:\/\/fr-fr.facebook.com\/Association-Coup-de-Pouce-816767501818619\/\"]}]}<\/script>\n<!-- \/ Yoast SEO plugin. -->","yoast_head_json":{"title":"Soutien scolaire - Coup de Pouce","description":"L'association propose des s\u00e9ances de soutien scolaire aux enfants de 6 ans et plus. Aide aux devoirs, vacances apprenantes...","robots":{"index":"index","follow":"follow","max-snippet":"max-snippet:-1","max-image-preview":"max-image-preview:large","max-video-preview":"max-video-preview:-1"},"canonical":"https:\/\/asscoupdepouce.com\/index.php\/nos-actions\/soutien-scolaire\/","og_locale":"fr_FR","og_type":"article","og_title":"Soutien scolaire - Coup de Pouce","og_description":"L'association propose des s\u00e9ances de soutien scolaire aux enfants de 6 ans et plus. Aide aux devoirs, vacances apprenantes...","og_url":"https:\/\/asscoupdepouce.com\/index.php\/nos-actions\/soutien-scolaire\/","og_site_name":"Coup de Pouce","article_publisher":"https:\/\/fr-fr.facebook.com\/Association-Coup-de-Pouce-816767501818619\/","article_modified_time":"2023-11-22T16:03:38+00:00","twitter_card":"summary_large_image","twitter_misc":{"Dur\u00e9e de lecture estim\u00e9e":"3 minutes"},"schema":{"@context":"https:\/\/schema.org","@graph":[{"@type":"WebPage","@id":"https:\/\/asscoupdepouce.com\/index.php\/nos-actions\/soutien-scolaire\/","url":"https:\/\/asscoupdepouce.com\/index.php\/nos-actions\/soutien-scolaire\/","name":"Soutien scolaire - Coup de Pouce","isPartOf":{"@id":"https:\/\/asscoupdepouce.com\/#website"},"datePublished":"2021-03-18T14:04:45+00:00","dateModified":"2023-11-22T16:03:38+00:00","description":"L'association propose des s\u00e9ances de soutien scolaire aux enfants de 6 ans et plus. Aide aux devoirs, vacances apprenantes...","breadcrumb":{"@id":"https:\/\/asscoupdepouce.com\/index.php\/nos-actions\/soutien-scolaire\/#breadcrumb"},"inLanguage":"fr-FR","potentialAction":[{"@type":"ReadAction","target":["https:\/\/asscoupdepouce.com\/index.php\/nos-actions\/soutien-scolaire\/"]}]},{"@type":"BreadcrumbList","@id":"https:\/\/asscoupdepouce.com\/index.php\/nos-actions\/soutien-scolaire\/#breadcrumb","itemListElement":[{"@type":"ListItem","position":1,"name":"Accueil","item":"https:\/\/asscoupdepouce.com\/"},{"@type":"ListItem","position":2,"name":"Nos actions","item":"https:\/\/asscoupdepouce.com\/index.php\/nos-actions\/"},{"@type":"ListItem","position":3,"name":"Soutien scolaire"}]},{"@type":"WebSite","@id":"https:\/\/asscoupdepouce.com\/#website","url":"https:\/\/asscoupdepouce.com\/","name":"Association Coup de Pouce","description":"L&#039;esprit de la r\u00e9ussite","publisher":{"@id":"https:\/\/asscoupdepouce.com\/#organization"},"potentialAction":[{"@type":"SearchAction","target":{"@type":"EntryPoint","urlTemplate":"https:\/\/asscoupdepouce.com\/?s={search_term_string}"},"query-input":{"@type":"PropertyValueSpecification","valueRequired":true,"valueName":"search_term_string"}}],"inLanguage":"fr-FR"},{"@type":"Organization","@id":"https:\/\/asscoupdepouce.com\/#organization","name":"Association Coup de Pouce","url":"https:\/\/asscoupdepouce.com\/","logo":{"@type":"ImageObject","inLanguage":"fr-FR","@id":"https:\/\/asscoupdepouce.com\/#\/schema\/logo\/image\/","url":"https:\/\/asscoupdepouce.com\/wp-content\/uploads\/2021\/03\/Coup-de-pouce-logo-SITE.png","contentUrl":"https:\/\/asscoupdepouce.com\/wp-content\/uploads\/2021\/03\/Coup-de-pouce-logo-SITE.png","width":2200,"height":864,"caption":"Association Coup de Pouce"},"image":{"@id":"https:\/\/asscoupdepouce.com\/#\/schema\/logo\/image\/"},"sameAs":["https:\/\/fr-fr.facebook.com\/Association-Coup-de-Pouce-816767501818619\/"]}]}},"_links":{"self":[{"href":"https:\/\/asscoupdepouce.com\/index.php\/wp-json\/wp\/v2\/pages\/22","targetHints":{"allow":["GET"]}}],"collection":[{"href":"https:\/\/asscoupdepouce.com\/index.php\/wp-json\/wp\/v2\/pages"}],"about":[{"href":"https:\/\/asscoupdepouce.com\/index.php\/wp-json\/wp\/v2\/types\/page"}],"author":[{"embeddable":true,"href":"https:\/\/asscoupdepouce.com\/index.php\/wp-json\/wp\/v2\/users\/1"}],"replies":[{"embeddable":true,"href":"https:\/\/asscoupdepouce.com\/index.php\/wp-json\/wp\/v2\/comments?post=22"}],"version-history":[{"count":23,"href":"https:\/\/asscoupdepouce.com\/index.php\/wp-json\/wp\/v2\/pages\/22\/revisions"}],"predecessor-version":[{"id":841,"href":"https:\/\/asscoupdepouce.com\/index.php\/wp-json\/wp\/v2\/pages\/22\/revisions\/841"}],"up":[{"embeddable":true,"href":"https:\/\/asscoupdepouce.com\/index.php\/wp-json\/wp\/v2\/pages\/17"}],"wp:attachment":[{"href":"https:\/\/asscoupdepouce.com\/index.php\/wp-json\/wp\/v2\/media?parent=22"}],"curies":[{"name":"wp","href":"https:\/\/api.w.org\/{rel}","templated":true}]}}