{"id":30,"date":"2021-03-18T16:07:50","date_gmt":"2021-03-18T15:07:50","guid":{"rendered":"https:\/\/asscoupdepouce.com\/?page_id=30"},"modified":"2021-04-01T13:34:28","modified_gmt":"2021-04-01T11:34:28","slug":"vacances-apprenantes","status":"publish","type":"page","link":"https:\/\/asscoupdepouce.com\/index.php\/nos-actions\/soutien-scolaire\/vacances-apprenantes\/","title":{"rendered":"Vacances apprenantes"},"content":{"rendered":"<section class=\"l-section wpb_row height_medium with_img\"><div class=\"l-section-img\" role=\"img\" aria-label=\"Image\" data-img-width=\"1919\" data-img-height=\"1716\" style=\"background-image: url(https:\/\/asscoupdepouce.com\/wp-content\/uploads\/2021\/03\/Fond-1.png);\"><\/div><div class=\"l-section-h i-cf\"><div class=\"g-cols vc_row via_flex valign_top type_default stacking_default\"><div class=\"vc_col-sm-12 wpb_column vc_column_container\"><div class=\"vc_column-inner\"><div class=\"wpb_wrapper\"><div class=\"g-cols wpb_row via_flex valign_middle type_default stacking_default\"><div class=\"vc_col-sm-12 wpb_column vc_column_container\"><div class=\"vc_column-inner\"><div class=\"wpb_wrapper\"><h1 class=\"w-post-elm post_title align_center entry-title color_link_inherit\">Vacances apprenantes<\/h1><div class=\"wpb_text_column\"><div class=\"wpb_wrapper\"><h4 style=\"text-align: center;\">Un projet initi\u00e9 par le minist\u00e8re de l\u2019\u00c9ducation nationale pour rem\u00e9dier au d\u00e9crochage scolaire li\u00e9 au confinement.<\/h4>\n<\/div><\/div><div class=\"w-separator size_medium\"><\/div><div class=\"w-image align_none\"><div class=\"w-image-h\"><img decoding=\"async\" width=\"2396\" height=\"874\" src=\"https:\/\/asscoupdepouce.com\/wp-content\/uploads\/2021\/03\/Vacances-apprenantes-e1617006499358.jpg\" class=\"attachment-full size-full\" alt=\"Vacances apprenantes\" loading=\"lazy\" srcset=\"https:\/\/asscoupdepouce.com\/wp-content\/uploads\/2021\/03\/Vacances-apprenantes-e1617006499358.jpg 2396w, https:\/\/asscoupdepouce.com\/wp-content\/uploads\/2021\/03\/Vacances-apprenantes-e1617006499358-300x109.jpg 300w, https:\/\/asscoupdepouce.com\/wp-content\/uploads\/2021\/03\/Vacances-apprenantes-e1617006499358-1024x374.jpg 1024w, https:\/\/asscoupdepouce.com\/wp-content\/uploads\/2021\/03\/Vacances-apprenantes-e1617006499358-600x219.jpg 600w, https:\/\/asscoupdepouce.com\/wp-content\/uploads\/2021\/03\/Vacances-apprenantes-e1617006499358-500x182.jpg 500w, https:\/\/asscoupdepouce.com\/wp-content\/uploads\/2021\/03\/Vacances-apprenantes-e1617006499358-400x146.jpg 400w\" sizes=\"auto, (max-width: 2396px) 100vw, 2396px\" \/><\/div><\/div><div class=\"w-separator size_medium\"><\/div><\/div><\/div><\/div><\/div><div class=\"g-cols wpb_row via_flex valign_top type_default stacking_default\"><div class=\"vc_col-sm-6 wpb_column vc_column_container\"><div class=\"vc_column-inner\"><div class=\"wpb_wrapper\"><div class=\"w-separator size_medium\"><\/div><div class=\"wpb_text_column\"><div class=\"wpb_wrapper\"><h2>Constat<\/h2>\n<\/div><\/div><div class=\"w-separator size_small\"><\/div><div class=\"wpb_text_column\"><div class=\"wpb_wrapper\"><p>Apr\u00e8s deux mois de confinement, <strong>les in\u00e9galit\u00e9s entre les \u00e9l\u00e8ves se renfor\u00e7aient<\/strong>. Elles le sont encore plus chez les jeunes des quartiers d\u00e9favoris\u00e9s qui ont v\u00e9cu le confinement dans les pires conditions, sans le mat\u00e9riel ad\u00e9quate ou le soutien familial indispensable dans tous les cycles de l&rsquo;apprentissage.<\/p>\n<p>Comment raccrocher des \u00e9l\u00e8ves pour la reprise alors que ce sont d\u00e9j\u00e0 des \u00e9l\u00e8ves qui d\u00e9crochent en temps normal ?<\/p>\n<\/div><\/div><\/div><\/div><\/div><div class=\"vc_col-sm-6 wpb_column vc_column_container\"><div class=\"vc_column-inner\"><div class=\"wpb_wrapper\"><div class=\"w-separator size_medium\"><\/div><div class=\"wpb_text_column\"><div class=\"wpb_wrapper\"><h2>Actions<\/h2>\n<\/div><\/div><div class=\"w-separator size_small\"><\/div><div class=\"wpb_text_column\"><div class=\"wpb_wrapper\"><p>Organisation de vacances apprenantes avec la mise en place d\u2019<strong>activit\u00e9s cr\u00e9atives et th\u00e9matiques pendant les vacances<\/strong>. Des activit\u00e9s pour les jeunes de 6 \u00e0 16 ans, en lien avec : le d\u00e9veloppement durable et la transition \u00e9cologique ; les arts et la culture ; le sport et le sport de nature ; la science, l\u2019innovation, le num\u00e9rique ; la d\u00e9couverte ou l\u2019approfondissement de langues \u00e9trang\u00e8res.<\/p>\n<p><strong>185 jeunes<\/strong> ont pu b\u00e9n\u00e9ficier d\u2019espaces o\u00f9 ils ont pu sortir de leur cadre quotidien d\u2019une part et apprendre en s\u2019amusant d\u2019autre part.<\/p>\n<\/div><\/div><\/div><\/div><\/div><\/div><div class=\"g-cols wpb_row via_flex valign_top type_default stacking_default\"><div class=\"vc_col-sm-12 wpb_column vc_column_container\"><div class=\"vc_column-inner\"><div class=\"wpb_wrapper\"><div class=\"w-separator size_custom\" style=\"height:15vh\"><\/div><div class=\"wpb_text_column\"><div class=\"wpb_wrapper\"><h3 style=\"text-align: center;\"><strong>Les ateliers mis en place pendant les vacances apprenantes<br \/>\n<\/strong><\/h3>\n<\/div><\/div><\/div><\/div><\/div><\/div><div class=\"w-separator size_large with_line width_30 thick_2 style_solid color_border align_center\"><div class=\"w-separator-h\"><\/div><\/div><div class=\"g-cols wpb_row via_flex valign_top type_default stacking_default\"><div class=\"vc_col-sm-3 wpb_column vc_column_container\"><div class=\"vc_column-inner\"><div class=\"wpb_wrapper\"><div class=\"w-iconbox iconpos_top style_circle color_custom align_center no_text\"><div class=\"w-iconbox-icon\" style=\"font-size:40px;--icon-color:#333333;--icon-bg-color:#8eff8c;\"><i class=\"fas fa-pie\"><\/i><\/div><div class=\"w-iconbox-meta\"><h5 class=\"w-iconbox-title\">P\u00e2tisserie<\/h5><\/div><\/div><\/div><\/div><\/div><div class=\"vc_col-sm-3 wpb_column vc_column_container\"><div class=\"vc_column-inner\"><div class=\"wpb_wrapper\"><div class=\"w-iconbox iconpos_top style_circle color_custom align_center no_text\"><div class=\"w-iconbox-icon\" style=\"font-size:40px;--icon-color:#333333;--icon-bg-color:#ffb5ff;\"><i class=\"fas fa-gem\"><\/i><\/div><div class=\"w-iconbox-meta\"><h5 class=\"w-iconbox-title\">DIY bijoux<\/h5><\/div><\/div><\/div><\/div><\/div><div class=\"vc_col-sm-3 wpb_column vc_column_container\"><div class=\"vc_column-inner\"><div class=\"wpb_wrapper\"><div class=\"w-iconbox iconpos_top style_circle color_custom align_center no_text\"><div class=\"w-iconbox-icon\" style=\"font-size:40px;--icon-color:#333333;--icon-bg-color:#82c3ff;\"><i class=\"fas fa-palette\"><\/i><\/div><div class=\"w-iconbox-meta\"><h5 class=\"w-iconbox-title\">Arts plastiques<\/h5><\/div><\/div><\/div><\/div><\/div><div class=\"vc_col-sm-3 wpb_column vc_column_container\"><div class=\"vc_column-inner\"><div class=\"wpb_wrapper\"><div class=\"w-iconbox iconpos_top style_circle color_custom align_center no_text\"><div class=\"w-iconbox-icon\" style=\"font-size:40px;--icon-color:#333333;--icon-bg-color:#b973ff;\"><i class=\"fas fa-globe-stand\"><\/i><\/div><div class=\"w-iconbox-meta\"><h5 class=\"w-iconbox-title\">D\u00e9couverte du globe terrestre<\/h5><\/div><\/div><\/div><\/div><\/div><\/div><div class=\"w-separator size_medium\"><\/div><div class=\"g-cols wpb_row via_flex valign_top type_default stacking_default\"><div class=\"vc_col-sm-3 wpb_column vc_column_container\"><div class=\"vc_column-inner\"><div class=\"wpb_wrapper\"><div class=\"w-iconbox iconpos_top style_circle color_custom align_center no_text\"><div class=\"w-iconbox-icon\" style=\"font-size:40px;--icon-color:#333333;--icon-bg-color:#ffeba1;\"><i class=\"fas fa-feather-alt\"><\/i><\/div><div class=\"w-iconbox-meta\"><h5 class=\"w-iconbox-title\">Initiation \u00e0 la po\u00e9sie<\/h5><\/div><\/div><\/div><\/div><\/div><div class=\"vc_col-sm-3 wpb_column vc_column_container\"><div class=\"vc_column-inner\"><div class=\"wpb_wrapper\"><div class=\"w-iconbox iconpos_top style_circle color_custom align_center no_text\"><div class=\"w-iconbox-icon\" style=\"font-size:40px;--icon-color:#333333;--icon-bg-color:#ffaf8c;\"><i class=\"fas fa-vial\"><\/i><\/div><div class=\"w-iconbox-meta\"><h5 class=\"w-iconbox-title\">Exp\u00e9riences scientifiques<\/h5><\/div><\/div><\/div><\/div><\/div><div class=\"vc_col-sm-3 wpb_column vc_column_container\"><div class=\"vc_column-inner\"><div class=\"wpb_wrapper\"><div class=\"w-iconbox iconpos_top style_circle color_custom align_center no_text\"><div class=\"w-iconbox-icon\" style=\"font-size:40px;--icon-color:#333333;--icon-bg-color:#ff94dd;\"><i class=\"fas fa-dice\"><\/i><\/div><div class=\"w-iconbox-meta\"><h5 class=\"w-iconbox-title\">Jeux de soci\u00e9t\u00e9<\/h5><\/div><\/div><\/div><\/div><\/div><div class=\"vc_col-sm-3 wpb_column vc_column_container\"><div class=\"vc_column-inner\"><div class=\"wpb_wrapper\"><div class=\"w-iconbox iconpos_top style_circle color_custom align_center no_text\"><div class=\"w-iconbox-icon\" style=\"font-size:40px;--icon-color:#333333;--icon-bg-color:#fff38a;\"><i class=\"fas fa-popcorn\"><\/i><\/div><div class=\"w-iconbox-meta\"><h5 class=\"w-iconbox-title\">Cin\u00e9ma<\/h5><\/div><\/div><\/div><\/div><\/div><\/div><div class=\"w-separator size_medium\"><\/div><div class=\"g-cols wpb_row via_flex valign_top type_default stacking_default\"><div class=\"vc_col-sm-3 wpb_column vc_column_container\"><div class=\"vc_column-inner\"><div class=\"wpb_wrapper\"><div class=\"w-iconbox iconpos_top style_circle color_custom align_center no_text\"><div class=\"w-iconbox-icon\" style=\"font-size:40px;--icon-color:#333333;--icon-bg-color:#b6ff8f;\"><i class=\"fas fa-hiking\"><\/i><\/div><div class=\"w-iconbox-meta\"><h5 class=\"w-iconbox-title\">Randonn\u00e9es<\/h5><\/div><\/div><\/div><\/div><\/div><div class=\"vc_col-sm-3 wpb_column vc_column_container\"><div class=\"vc_column-inner\"><div class=\"wpb_wrapper\"><div class=\"w-iconbox iconpos_top style_circle color_custom align_center no_text\"><div class=\"w-iconbox-icon\" style=\"font-size:40px;--icon-color:#333333;--icon-bg-color:#8a8aff;\"><i class=\"fas fa-hand-holding-seedling\"><\/i><\/div><div class=\"w-iconbox-meta\"><h5 class=\"w-iconbox-title\">Jardinage<\/h5><\/div><\/div><\/div><\/div><\/div><div class=\"vc_col-sm-3 wpb_column vc_column_container\"><div class=\"vc_column-inner\"><div class=\"wpb_wrapper\"><div class=\"w-iconbox iconpos_top style_circle color_custom align_center no_text\"><div class=\"w-iconbox-icon\" style=\"font-size:40px;--icon-color:#333333;--icon-bg-color:#8f8f8f;\"><i class=\"fas fa-futbol\"><\/i><\/div><div class=\"w-iconbox-meta\"><h5 class=\"w-iconbox-title\">Football<\/h5><\/div><\/div><\/div><\/div><\/div><div class=\"vc_col-sm-3 wpb_column vc_column_container\"><div class=\"vc_column-inner\"><div class=\"wpb_wrapper\"><div class=\"w-iconbox iconpos_top style_circle color_custom align_center no_text\"><div class=\"w-iconbox-icon\" style=\"font-size:40px;--icon-color:#333333;--icon-bg-color:#ff8080;\"><i class=\"fas fa-eye\"><\/i><\/div><div class=\"w-iconbox-meta\"><h5 class=\"w-iconbox-title\">Visites de mus\u00e9es<\/h5><\/div><\/div><\/div><\/div><\/div><\/div><div class=\"w-separator size_huge\"><\/div><div class=\"w-slider style_none fit_scaledown nav_none count_8\"><div class=\"w-slider-h\" aria-hidden=\"true\"><div class=\"royalSlider\"><div class=\"rsContent\"><a class=\"rsImg\" data-rsw=\"1024\" data-rsh=\"768\" href=\"https:\/\/asscoupdepouce.com\/wp-content\/uploads\/2021\/03\/Astrologie-1024x768.png\"><span data-alt=\"Atelier astrologie lors des vacances apprenantes\"><\/span><\/a><\/div><div class=\"rsContent\"><a class=\"rsImg\" data-rsw=\"1024\" data-rsh=\"768\" href=\"https:\/\/asscoupdepouce.com\/wp-content\/uploads\/2021\/03\/Cinema-1024x768.png\"><span data-alt=\"Sortie cin\u00e9ma lors des vacances apprenantes\"><\/span><\/a><\/div><div class=\"rsContent\"><a class=\"rsImg\" data-rsw=\"1024\" data-rsh=\"768\" href=\"https:\/\/asscoupdepouce.com\/wp-content\/uploads\/2021\/03\/foot-1024x768.png\"><span data-alt=\"Apr\u00e8s-midi football avec les enfants lors des vacances apprenantes\"><\/span><\/a><\/div><div class=\"rsContent\"><a class=\"rsImg\" data-rsw=\"1024\" data-rsh=\"768\" href=\"https:\/\/asscoupdepouce.com\/wp-content\/uploads\/2021\/03\/Cinema-2-1024x768.png\"><span data-alt=\"Sortie cin\u00e9ma lors des vacances apprenantes\"><\/span><\/a><\/div><div class=\"rsContent\"><a class=\"rsImg\" data-rsw=\"1024\" data-rsh=\"768\" href=\"https:\/\/asscoupdepouce.com\/wp-content\/uploads\/2021\/03\/Poeme-1024x768.png\"><span data-alt=\"Po\u00e8me r\u00e9alis\u00e9 lors des Vacances apprenantes\"><\/span><\/a><\/div><div class=\"rsContent\"><a class=\"rsImg\" data-rsw=\"1024\" data-rsh=\"768\" href=\"https:\/\/asscoupdepouce.com\/wp-content\/uploads\/2021\/03\/Scultures-1024x768.png\"><span data-alt=\"Atelier confection de poterie lors des vacances apprenantes\"><\/span><\/a><\/div><div class=\"rsContent\"><a class=\"rsImg\" data-rsw=\"1024\" data-rsh=\"768\" href=\"https:\/\/asscoupdepouce.com\/wp-content\/uploads\/2021\/03\/Patisseries-1024x768.png\"><span data-alt=\"Atelier patisserie lors des vacances apprenantes\"><\/span><\/a><\/div><div class=\"rsContent\"><a class=\"rsImg\" data-rsw=\"1024\" data-rsh=\"768\" href=\"https:\/\/asscoupdepouce.com\/wp-content\/uploads\/2021\/03\/Poeme-2-1024x768.png\"><span data-alt=\"Po\u00e8me r\u00e9alis\u00e9 lors des Vacances apprenantes\"><\/span><\/a><\/div><\/div><img decoding=\"async\" src=\"https:\/\/asscoupdepouce.com\/wp-content\/uploads\/2021\/03\/Astrologie-1024x768.png\" width=\"1024\" height=\"768\" alt=\"Atelier astrologie lors des vacances apprenantes\" loading=\"lazy\"><\/div><div class=\"w-slider-json\" onclick='return {&quot;autoScaleSlider&quot;:true,&quot;addActiveClass&quot;:true,&quot;loop&quot;:true,&quot;fadeInLoadedSlide&quot;:false,&quot;slidesSpacing&quot;:0,&quot;imageScalePadding&quot;:0,&quot;numImagesToPreload&quot;:2,&quot;arrowsNav&quot;:true,&quot;arrowsNavAutoHide&quot;:false,&quot;transitionType&quot;:&quot;move&quot;,&quot;transitionSpeed&quot;:250,&quot;block&quot;:{&quot;moveEffect&quot;:&quot;none&quot;,&quot;speed&quot;:300},&quot;thumbs&quot;:{&quot;fitInViewport&quot;:false,&quot;firstMargin&quot;:false,&quot;spacing&quot;:4},&quot;controlNavigation&quot;:&quot;none&quot;,&quot;autoplay&quot;:{&quot;enabled&quot;:true,&quot;pauseOnHover&quot;:true,&quot;delay&quot;:6000},&quot;autoScaleSliderWidth&quot;:1024,&quot;autoScaleSliderHeight&quot;:768}'><\/div><\/div><\/div><\/div><\/div><\/div><\/div><\/section>\n","protected":false},"excerpt":{"rendered":"Vacances apprenantesUn projet initi\u00e9 par le minist\u00e8re de l\u2019\u00c9ducation nationale pour rem\u00e9dier au d\u00e9crochage scolaire li\u00e9 au confinement. Constat Apr\u00e8s deux mois de confinement, les in\u00e9galit\u00e9s entre les \u00e9l\u00e8ves se renfor\u00e7aient. Elles le sont encore plus chez les jeunes des quartiers d\u00e9favoris\u00e9s qui ont v\u00e9cu le confinement dans les pires conditions, sans le mat\u00e9riel ad\u00e9quate...","protected":false},"author":1,"featured_media":0,"parent":22,"menu_order":0,"comment_status":"closed","ping_status":"closed","template":"","meta":{"footnotes":""},"class_list":["post-30","page","type-page","status-publish","hentry"],"yoast_head":"<!-- This site is optimized with the Yoast SEO plugin v27.2 - https:\/\/yoast.com\/product\/yoast-seo-wordpress\/ -->\n<title>Vacances apprenantes - Coup de Pouce<\/title>\n<meta name=\"description\" content=\"L&#039;association propose des vacances ludiques et apprenantes, pour essayer de rem\u00e9dier aux in\u00e9galit\u00e9s d&#039;apprentissage.\" \/>\n<meta name=\"robots\" content=\"index, follow, max-snippet:-1, max-image-preview:large, max-video-preview:-1\" \/>\n<link rel=\"canonical\" href=\"https:\/\/asscoupdepouce.com\/index.php\/nos-actions\/soutien-scolaire\/vacances-apprenantes\/\" \/>\n<meta property=\"og:locale\" content=\"fr_FR\" \/>\n<meta property=\"og:type\" content=\"article\" \/>\n<meta property=\"og:title\" content=\"Vacances apprenantes - Coup de Pouce\" \/>\n<meta property=\"og:description\" content=\"L&#039;association propose des vacances ludiques et apprenantes, pour essayer de rem\u00e9dier aux in\u00e9galit\u00e9s d&#039;apprentissage.\" \/>\n<meta property=\"og:url\" content=\"https:\/\/asscoupdepouce.com\/index.php\/nos-actions\/soutien-scolaire\/vacances-apprenantes\/\" \/>\n<meta property=\"og:site_name\" content=\"Coup de Pouce\" \/>\n<meta property=\"article:publisher\" content=\"https:\/\/fr-fr.facebook.com\/Association-Coup-de-Pouce-816767501818619\/\" \/>\n<meta property=\"article:modified_time\" content=\"2021-04-01T11:34:28+00:00\" \/>\n<meta name=\"twitter:card\" content=\"summary_large_image\" \/>\n<meta name=\"twitter:label1\" content=\"Dur\u00e9e de lecture estim\u00e9e\" \/>\n\t<meta name=\"twitter:data1\" content=\"2 minutes\" \/>\n<script type=\"application\/ld+json\" class=\"yoast-schema-graph\">{\"@context\":\"https:\/\/schema.org\",\"@graph\":[{\"@type\":\"WebPage\",\"@id\":\"https:\/\/asscoupdepouce.com\/index.php\/nos-actions\/soutien-scolaire\/vacances-apprenantes\/\",\"url\":\"https:\/\/asscoupdepouce.com\/index.php\/nos-actions\/soutien-scolaire\/vacances-apprenantes\/\",\"name\":\"Vacances apprenantes - Coup de Pouce\",\"isPartOf\":{\"@id\":\"https:\/\/asscoupdepouce.com\/#website\"},\"datePublished\":\"2021-03-18T15:07:50+00:00\",\"dateModified\":\"2021-04-01T11:34:28+00:00\",\"description\":\"L'association propose des vacances ludiques et apprenantes, pour essayer de rem\u00e9dier aux in\u00e9galit\u00e9s d'apprentissage.\",\"breadcrumb\":{\"@id\":\"https:\/\/asscoupdepouce.com\/index.php\/nos-actions\/soutien-scolaire\/vacances-apprenantes\/#breadcrumb\"},\"inLanguage\":\"fr-FR\",\"potentialAction\":[{\"@type\":\"ReadAction\",\"target\":[\"https:\/\/asscoupdepouce.com\/index.php\/nos-actions\/soutien-scolaire\/vacances-apprenantes\/\"]}]},{\"@type\":\"BreadcrumbList\",\"@id\":\"https:\/\/asscoupdepouce.com\/index.php\/nos-actions\/soutien-scolaire\/vacances-apprenantes\/#breadcrumb\",\"itemListElement\":[{\"@type\":\"ListItem\",\"position\":1,\"name\":\"Accueil\",\"item\":\"https:\/\/asscoupdepouce.com\/\"},{\"@type\":\"ListItem\",\"position\":2,\"name\":\"Nos actions\",\"item\":\"https:\/\/asscoupdepouce.com\/index.php\/nos-actions\/\"},{\"@type\":\"ListItem\",\"position\":3,\"name\":\"Soutien scolaire\",\"item\":\"https:\/\/asscoupdepouce.com\/index.php\/nos-actions\/soutien-scolaire\/\"},{\"@type\":\"ListItem\",\"position\":4,\"name\":\"Vacances apprenantes\"}]},{\"@type\":\"WebSite\",\"@id\":\"https:\/\/asscoupdepouce.com\/#website\",\"url\":\"https:\/\/asscoupdepouce.com\/\",\"name\":\"Association Coup de Pouce\",\"description\":\"L&#039;esprit de la r\u00e9ussite\",\"publisher\":{\"@id\":\"https:\/\/asscoupdepouce.com\/#organization\"},\"potentialAction\":[{\"@type\":\"SearchAction\",\"target\":{\"@type\":\"EntryPoint\",\"urlTemplate\":\"https:\/\/asscoupdepouce.com\/?s={search_term_string}\"},\"query-input\":{\"@type\":\"PropertyValueSpecification\",\"valueRequired\":true,\"valueName\":\"search_term_string\"}}],\"inLanguage\":\"fr-FR\"},{\"@type\":\"Organization\",\"@id\":\"https:\/\/asscoupdepouce.com\/#organization\",\"name\":\"Association Coup de Pouce\",\"url\":\"https:\/\/asscoupdepouce.com\/\",\"logo\":{\"@type\":\"ImageObject\",\"inLanguage\":\"fr-FR\",\"@id\":\"https:\/\/asscoupdepouce.com\/#\/schema\/logo\/image\/\",\"url\":\"https:\/\/asscoupdepouce.com\/wp-content\/uploads\/2021\/03\/Coup-de-pouce-logo-SITE.png\",\"contentUrl\":\"https:\/\/asscoupdepouce.com\/wp-content\/uploads\/2021\/03\/Coup-de-pouce-logo-SITE.png\",\"width\":2200,\"height\":864,\"caption\":\"Association Coup de Pouce\"},\"image\":{\"@id\":\"https:\/\/asscoupdepouce.com\/#\/schema\/logo\/image\/\"},\"sameAs\":[\"https:\/\/fr-fr.facebook.com\/Association-Coup-de-Pouce-816767501818619\/\"]}]}<\/script>\n<!-- \/ Yoast SEO plugin. -->","yoast_head_json":{"title":"Vacances apprenantes - Coup de Pouce","description":"L'association propose des vacances ludiques et apprenantes, pour essayer de rem\u00e9dier aux in\u00e9galit\u00e9s d'apprentissage.","robots":{"index":"index","follow":"follow","max-snippet":"max-snippet:-1","max-image-preview":"max-image-preview:large","max-video-preview":"max-video-preview:-1"},"canonical":"https:\/\/asscoupdepouce.com\/index.php\/nos-actions\/soutien-scolaire\/vacances-apprenantes\/","og_locale":"fr_FR","og_type":"article","og_title":"Vacances apprenantes - Coup de Pouce","og_description":"L'association propose des vacances ludiques et apprenantes, pour essayer de rem\u00e9dier aux in\u00e9galit\u00e9s d'apprentissage.","og_url":"https:\/\/asscoupdepouce.com\/index.php\/nos-actions\/soutien-scolaire\/vacances-apprenantes\/","og_site_name":"Coup de Pouce","article_publisher":"https:\/\/fr-fr.facebook.com\/Association-Coup-de-Pouce-816767501818619\/","article_modified_time":"2021-04-01T11:34:28+00:00","twitter_card":"summary_large_image","twitter_misc":{"Dur\u00e9e de lecture estim\u00e9e":"2 minutes"},"schema":{"@context":"https:\/\/schema.org","@graph":[{"@type":"WebPage","@id":"https:\/\/asscoupdepouce.com\/index.php\/nos-actions\/soutien-scolaire\/vacances-apprenantes\/","url":"https:\/\/asscoupdepouce.com\/index.php\/nos-actions\/soutien-scolaire\/vacances-apprenantes\/","name":"Vacances apprenantes - Coup de Pouce","isPartOf":{"@id":"https:\/\/asscoupdepouce.com\/#website"},"datePublished":"2021-03-18T15:07:50+00:00","dateModified":"2021-04-01T11:34:28+00:00","description":"L'association propose des vacances ludiques et apprenantes, pour essayer de rem\u00e9dier aux in\u00e9galit\u00e9s d'apprentissage.","breadcrumb":{"@id":"https:\/\/asscoupdepouce.com\/index.php\/nos-actions\/soutien-scolaire\/vacances-apprenantes\/#breadcrumb"},"inLanguage":"fr-FR","potentialAction":[{"@type":"ReadAction","target":["https:\/\/asscoupdepouce.com\/index.php\/nos-actions\/soutien-scolaire\/vacances-apprenantes\/"]}]},{"@type":"BreadcrumbList","@id":"https:\/\/asscoupdepouce.com\/index.php\/nos-actions\/soutien-scolaire\/vacances-apprenantes\/#breadcrumb","itemListElement":[{"@type":"ListItem","position":1,"name":"Accueil","item":"https:\/\/asscoupdepouce.com\/"},{"@type":"ListItem","position":2,"name":"Nos actions","item":"https:\/\/asscoupdepouce.com\/index.php\/nos-actions\/"},{"@type":"ListItem","position":3,"name":"Soutien scolaire","item":"https:\/\/asscoupdepouce.com\/index.php\/nos-actions\/soutien-scolaire\/"},{"@type":"ListItem","position":4,"name":"Vacances apprenantes"}]},{"@type":"WebSite","@id":"https:\/\/asscoupdepouce.com\/#website","url":"https:\/\/asscoupdepouce.com\/","name":"Association Coup de Pouce","description":"L&#039;esprit de la r\u00e9ussite","publisher":{"@id":"https:\/\/asscoupdepouce.com\/#organization"},"potentialAction":[{"@type":"SearchAction","target":{"@type":"EntryPoint","urlTemplate":"https:\/\/asscoupdepouce.com\/?s={search_term_string}"},"query-input":{"@type":"PropertyValueSpecification","valueRequired":true,"valueName":"search_term_string"}}],"inLanguage":"fr-FR"},{"@type":"Organization","@id":"https:\/\/asscoupdepouce.com\/#organization","name":"Association Coup de Pouce","url":"https:\/\/asscoupdepouce.com\/","logo":{"@type":"ImageObject","inLanguage":"fr-FR","@id":"https:\/\/asscoupdepouce.com\/#\/schema\/logo\/image\/","url":"https:\/\/asscoupdepouce.com\/wp-content\/uploads\/2021\/03\/Coup-de-pouce-logo-SITE.png","contentUrl":"https:\/\/asscoupdepouce.com\/wp-content\/uploads\/2021\/03\/Coup-de-pouce-logo-SITE.png","width":2200,"height":864,"caption":"Association Coup de Pouce"},"image":{"@id":"https:\/\/asscoupdepouce.com\/#\/schema\/logo\/image\/"},"sameAs":["https:\/\/fr-fr.facebook.com\/Association-Coup-de-Pouce-816767501818619\/"]}]}},"_links":{"self":[{"href":"https:\/\/asscoupdepouce.com\/index.php\/wp-json\/wp\/v2\/pages\/30","targetHints":{"allow":["GET"]}}],"collection":[{"href":"https:\/\/asscoupdepouce.com\/index.php\/wp-json\/wp\/v2\/pages"}],"about":[{"href":"https:\/\/asscoupdepouce.com\/index.php\/wp-json\/wp\/v2\/types\/page"}],"author":[{"embeddable":true,"href":"https:\/\/asscoupdepouce.com\/index.php\/wp-json\/wp\/v2\/users\/1"}],"replies":[{"embeddable":true,"href":"https:\/\/asscoupdepouce.com\/index.php\/wp-json\/wp\/v2\/comments?post=30"}],"version-history":[{"count":31,"href":"https:\/\/asscoupdepouce.com\/index.php\/wp-json\/wp\/v2\/pages\/30\/revisions"}],"predecessor-version":[{"id":410,"href":"https:\/\/asscoupdepouce.com\/index.php\/wp-json\/wp\/v2\/pages\/30\/revisions\/410"}],"up":[{"embeddable":true,"href":"https:\/\/asscoupdepouce.com\/index.php\/wp-json\/wp\/v2\/pages\/22"}],"wp:attachment":[{"href":"https:\/\/asscoupdepouce.com\/index.php\/wp-json\/wp\/v2\/media?parent=30"}],"curies":[{"name":"wp","href":"https:\/\/api.w.org\/{rel}","templated":true}]}}